{"id":2568,"date":"2023-01-24T17:51:31","date_gmt":"2023-01-24T17:51:31","guid":{"rendered":"https:\/\/ton.connectingminds.net\/product\/tartu-2024-bcc-lounakeskus\/"},"modified":"2026-08-19T20:20:56","modified_gmt":"2026-08-19T18:20:56","slug":"tartu-2024-bcc-lounakeskus","status":"publish","type":"product","link":"https:\/\/www.ton.connectingminds.net\/de\/retro-wielershirt\/tartu-2024-bcc-lounakeskus\/","title":{"rendered":"TARTU 2024 (a)-BCC-LOUNAKESKUS 2020 RADSHIRT"},"content":{"rendered":"<p>TARTU 2024-BCC-LOUNAKESKUS 2020<\/p>\n<p>Tartu ist nach Tallin die zweitgr\u00f6\u00dfte Stadt Estlands.<\/p>\n<p>Im Jahr 2024 wird Tartu zusammen mit Bad Ischl (\u00d6sterreich) und Bod\u00f8 (Norwegen) die Europ\u00e4ische Kulturhauptstadt sein.<\/p>\n<p>Shirt gekregen van ploegleider Rene Mandri.<\/p>","protected":false},"excerpt":{"rendered":"<p>TARTU 2024-BCC-LOUNAKESKUS 2020 Tartu is na Tallin de 2e stad van Estland. In 2024 is Tartu samen met Bad Ischl (Oostenrijk) en Bodo (Noorwegen) de Culturele hoofdstad van Europa. Shirt gekregen van ploegleider Rene Mandri.<\/p>","protected":false},"featured_media":191522,"template":"","meta":[],"product_brand":[],"product_cat":[151],"product_tag":[],"class_list":["post-2568","product","type-product","status-publish","has-post-thumbnail","product_cat-pro-team","first","outofstock","taxable","shipping-taxable","purchasable","product-type-variable"],"yoast_head":"<!-- This site is optimized with the Yoast SEO plugin v28.4 - https:\/\/yoast.com\/product\/yoast-seo-wordpress\/ -->\n<title>TARTU 2024 (a)-BCC-LOUNAKESKUS  2020                          WIELERSHIRT - Ton Merckx Wielershirts - Rondreis door de wereld van wielershirts<\/title>\n<meta name=\"robots\" content=\"index, follow, max-snippet:-1, max-image-preview:large, max-video-preview:-1\" \/>\n<link rel=\"canonical\" href=\"https:\/\/www.ton.connectingminds.net\/de\/retro-radtrikot\/tartu-2024-bcc-lounakeskus\/\" \/>\n<meta property=\"og:locale\" content=\"de_DE\" \/>\n<meta property=\"og:type\" content=\"article\" \/>\n<meta property=\"og:title\" content=\"TARTU 2024 (a)-BCC-LOUNAKESKUS  2020                          WIELERSHIRT - Ton Merckx Wielershirts - Rondreis door de wereld van wielershirts\" \/>\n<meta property=\"og:description\" content=\"TARTU 2024-BCC-LOUNAKESKUS 2020 Tartu is na Tallin de 2e stad van Estland. In 2024 is Tartu samen met Bad Ischl (Oostenrijk) en Bodo (Noorwegen) de Culturele hoofdstad van Europa. Shirt gekregen van ploegleider Rene Mandri.\" \/>\n<meta property=\"og:url\" content=\"https:\/\/www.ton.connectingminds.net\/de\/retro-radtrikot\/tartu-2024-bcc-lounakeskus\/\" \/>\n<meta property=\"og:site_name\" content=\"Ton Merckx Wielershirts - Rondreis door de wereld van wielershirts\" \/>\n<meta property=\"article:modified_time\" content=\"2026-08-19T18:20:56+00:00\" \/>\n<meta property=\"og:image\" content=\"https:\/\/www.ton.connectingminds.net\/wp-content\/uploads\/2023\/01\/011-48-scaled.jpg\" \/>\n\t<meta property=\"og:image:width\" content=\"1920\" \/>\n\t<meta property=\"og:image:height\" content=\"2560\" \/>\n\t<meta property=\"og:image:type\" content=\"image\/jpeg\" \/>\n<meta name=\"twitter:card\" content=\"summary_large_image\" \/>\n<meta name=\"twitter:label1\" content=\"Gesch\u00e4tzte Lesezeit\" \/>\n\t<meta name=\"twitter:data1\" content=\"1\u00a0Minute\" \/>\n<script type=\"application\/ld+json\" class=\"yoast-schema-graph\">{\"@context\":\"https:\\\/\\\/schema.org\",\"@graph\":[{\"@type\":\"WebPage\",\"@id\":\"https:\\\/\\\/www.ton.connectingminds.net\\\/en\\\/retro-cycling-jersey\\\/tartu-2024-bcc-lounakeskus\\\/\",\"url\":\"https:\\\/\\\/www.ton.connectingminds.net\\\/en\\\/retro-cycling-jersey\\\/tartu-2024-bcc-lounakeskus\\\/\",\"name\":\"TARTU 2024 (a)-BCC-LOUNAKESKUS 2020 WIELERSHIRT - Ton Merckx Wielershirts - Rondreis door de wereld van wielershirts\",\"isPartOf\":{\"@id\":\"https:\\\/\\\/www.tonmerckxwielershirts.nl\\\/de\\\/#website\"},\"primaryImageOfPage\":{\"@id\":\"https:\\\/\\\/www.ton.connectingminds.net\\\/en\\\/retro-cycling-jersey\\\/tartu-2024-bcc-lounakeskus\\\/#primaryimage\"},\"image\":{\"@id\":\"https:\\\/\\\/www.ton.connectingminds.net\\\/en\\\/retro-cycling-jersey\\\/tartu-2024-bcc-lounakeskus\\\/#primaryimage\"},\"thumbnailUrl\":\"https:\\\/\\\/www.ton.connectingminds.net\\\/wp-content\\\/uploads\\\/2023\\\/01\\\/011-48-scaled.jpg\",\"datePublished\":\"2023-01-24T17:51:31+00:00\",\"dateModified\":\"2026-08-19T18:20:56+00:00\",\"breadcrumb\":{\"@id\":\"https:\\\/\\\/www.ton.connectingminds.net\\\/en\\\/retro-cycling-jersey\\\/tartu-2024-bcc-lounakeskus\\\/#breadcrumb\"},\"inLanguage\":\"de\",\"potentialAction\":[{\"@type\":\"ReadAction\",\"target\":[\"https:\\\/\\\/www.ton.connectingminds.net\\\/en\\\/retro-cycling-jersey\\\/tartu-2024-bcc-lounakeskus\\\/\"]}]},{\"@type\":\"ImageObject\",\"inLanguage\":\"de\",\"@id\":\"https:\\\/\\\/www.ton.connectingminds.net\\\/en\\\/retro-cycling-jersey\\\/tartu-2024-bcc-lounakeskus\\\/#primaryimage\",\"url\":\"https:\\\/\\\/www.ton.connectingminds.net\\\/wp-content\\\/uploads\\\/2023\\\/01\\\/011-48-scaled.jpg\",\"contentUrl\":\"https:\\\/\\\/www.ton.connectingminds.net\\\/wp-content\\\/uploads\\\/2023\\\/01\\\/011-48-scaled.jpg\",\"width\":1920,\"height\":2560,\"caption\":\"TARTU 2024-BCC-LOUNAKESKUS 2020\"},{\"@type\":\"BreadcrumbList\",\"@id\":\"https:\\\/\\\/www.ton.connectingminds.net\\\/en\\\/retro-cycling-jersey\\\/tartu-2024-bcc-lounakeskus\\\/#breadcrumb\",\"itemListElement\":[{\"@type\":\"ListItem\",\"position\":1,\"name\":\"Home\",\"item\":\"https:\\\/\\\/www.tonmerckxwielershirts.nl\\\/de\\\/\"},{\"@type\":\"ListItem\",\"position\":2,\"name\":\"Retro wielershirts\",\"item\":\"https:\\\/\\\/www.tonmerckxwielershirts.nl\\\/de\\\/retro-radtrikots\\\/\"},{\"@type\":\"ListItem\",\"position\":3,\"name\":\"TARTU 2024 (a)-BCC-LOUNAKESKUS 2020 WIELERSHIRT\"}]},{\"@type\":\"WebSite\",\"@id\":\"https:\\\/\\\/www.tonmerckxwielershirts.nl\\\/de\\\/#website\",\"url\":\"https:\\\/\\\/www.tonmerckxwielershirts.nl\\\/de\\\/\",\"name\":\"Ton Merckx Wielershirts - Rondreis door de wereld van wielershirts\",\"description\":\"thousands of original cycling jerseys - order your replica!\",\"publisher\":{\"@id\":\"https:\\\/\\\/www.tonmerckxwielershirts.nl\\\/de\\\/#organization\"},\"potentialAction\":[{\"@type\":\"SearchAction\",\"target\":{\"@type\":\"EntryPoint\",\"urlTemplate\":\"https:\\\/\\\/www.tonmerckxwielershirts.nl\\\/de\\\/?s={search_term_string}\"},\"query-input\":{\"@type\":\"PropertyValueSpecification\",\"valueRequired\":true,\"valueName\":\"search_term_string\"}}],\"inLanguage\":\"de\"},{\"@type\":\"Organization\",\"@id\":\"https:\\\/\\\/www.tonmerckxwielershirts.nl\\\/de\\\/#organization\",\"name\":\"Ton Merckx Wielershirts - Rondreis door de wereld van wielershirts\",\"url\":\"https:\\\/\\\/www.tonmerckxwielershirts.nl\\\/de\\\/\",\"logo\":{\"@type\":\"ImageObject\",\"inLanguage\":\"de\",\"@id\":\"https:\\\/\\\/www.tonmerckxwielershirts.nl\\\/de\\\/#\\\/schema\\\/logo\\\/image\\\/\",\"url\":\"https:\\\/\\\/www.ton.connectingminds.net\\\/wp-content\\\/uploads\\\/2023\\\/03\\\/ton-merckx-logo.jpg\",\"contentUrl\":\"https:\\\/\\\/www.ton.connectingminds.net\\\/wp-content\\\/uploads\\\/2023\\\/03\\\/ton-merckx-logo.jpg\",\"width\":391,\"height\":57,\"caption\":\"Ton Merckx Wielershirts - Rondreis door de wereld van wielershirts\"},\"image\":{\"@id\":\"https:\\\/\\\/www.tonmerckxwielershirts.nl\\\/de\\\/#\\\/schema\\\/logo\\\/image\\\/\"}}]}<\/script>\n<!-- \/ Yoast SEO plugin. -->","yoast_head_json":{"title":"TARTU 2024 (a)-BCC-LOUNAKESKUS 2020 RADTRIKOT - Ton Merckx Radtrikots - Tour durch die Welt der Radtrikots","robots":{"index":"index","follow":"follow","max-snippet":"max-snippet:-1","max-image-preview":"max-image-preview:large","max-video-preview":"max-video-preview:-1"},"canonical":"https:\/\/www.ton.connectingminds.net\/de\/retro-radtrikot\/tartu-2024-bcc-lounakeskus\/","og_locale":"de_DE","og_type":"article","og_title":"TARTU 2024 (a)-BCC-LOUNAKESKUS  2020                          WIELERSHIRT - Ton Merckx Wielershirts - Rondreis door de wereld van wielershirts","og_description":"TARTU 2024-BCC-LOUNAKESKUS 2020 Tartu is na Tallin de 2e stad van Estland. In 2024 is Tartu samen met Bad Ischl (Oostenrijk) en Bodo (Noorwegen) de Culturele hoofdstad van Europa. Shirt gekregen van ploegleider Rene Mandri.","og_url":"https:\/\/www.ton.connectingminds.net\/de\/retro-radtrikot\/tartu-2024-bcc-lounakeskus\/","og_site_name":"Ton Merckx Wielershirts - Rondreis door de wereld van wielershirts","article_modified_time":"2026-08-19T18:20:56+00:00","og_image":[{"width":1920,"height":2560,"url":"https:\/\/www.ton.connectingminds.net\/wp-content\/uploads\/2023\/01\/011-48-scaled.jpg","type":"image\/jpeg"}],"twitter_card":"summary_large_image","twitter_misc":{"Gesch\u00e4tzte Lesezeit":"1\u00a0Minute"},"schema":{"@context":"https:\/\/schema.org","@graph":[{"@type":"WebPage","@id":"https:\/\/www.ton.connectingminds.net\/en\/retro-cycling-jersey\/tartu-2024-bcc-lounakeskus\/","url":"https:\/\/www.ton.connectingminds.net\/en\/retro-cycling-jersey\/tartu-2024-bcc-lounakeskus\/","name":"TARTU 2024 (a)-BCC-LOUNAKESKUS 2020 RADTRIKOT - Ton Merckx Radtrikots - Tour durch die Welt der Radtrikots","isPartOf":{"@id":"https:\/\/www.tonmerckxwielershirts.nl\/de\/#website"},"primaryImageOfPage":{"@id":"https:\/\/www.ton.connectingminds.net\/en\/retro-cycling-jersey\/tartu-2024-bcc-lounakeskus\/#primaryimage"},"image":{"@id":"https:\/\/www.ton.connectingminds.net\/en\/retro-cycling-jersey\/tartu-2024-bcc-lounakeskus\/#primaryimage"},"thumbnailUrl":"https:\/\/www.ton.connectingminds.net\/wp-content\/uploads\/2023\/01\/011-48-scaled.jpg","datePublished":"2023-01-24T17:51:31+00:00","dateModified":"2026-08-19T18:20:56+00:00","breadcrumb":{"@id":"https:\/\/www.ton.connectingminds.net\/en\/retro-cycling-jersey\/tartu-2024-bcc-lounakeskus\/#breadcrumb"},"inLanguage":"de","potentialAction":[{"@type":"ReadAction","target":["https:\/\/www.ton.connectingminds.net\/en\/retro-cycling-jersey\/tartu-2024-bcc-lounakeskus\/"]}]},{"@type":"ImageObject","inLanguage":"de","@id":"https:\/\/www.ton.connectingminds.net\/en\/retro-cycling-jersey\/tartu-2024-bcc-lounakeskus\/#primaryimage","url":"https:\/\/www.ton.connectingminds.net\/wp-content\/uploads\/2023\/01\/011-48-scaled.jpg","contentUrl":"https:\/\/www.ton.connectingminds.net\/wp-content\/uploads\/2023\/01\/011-48-scaled.jpg","width":1920,"height":2560,"caption":"TARTU 2024-BCC-LOUNAKESKUS 2020"},{"@type":"BreadcrumbList","@id":"https:\/\/www.ton.connectingminds.net\/en\/retro-cycling-jersey\/tartu-2024-bcc-lounakeskus\/#breadcrumb","itemListElement":[{"@type":"ListItem","position":1,"name":"Home","item":"https:\/\/www.tonmerckxwielershirts.nl\/de\/"},{"@type":"ListItem","position":2,"name":"Retro wielershirts","item":"https:\/\/www.tonmerckxwielershirts.nl\/de\/retro-radtrikots\/"},{"@type":"ListItem","position":3,"name":"TARTU 2024 (a)-BCC-LOUNAKESKUS 2020 WIELERSHIRT"}]},{"@type":"WebSite","@id":"https:\/\/www.tonmerckxwielershirts.nl\/de\/#website","url":"https:\/\/www.tonmerckxwielershirts.nl\/de\/","name":"Ton Merckx Radsport-Shirts \u2013 Tour durch die Welt der Radsport-Shirts","description":"Tausende originale Radtrikots \u2013 bestellen Sie Ihr Replikat!","publisher":{"@id":"https:\/\/www.tonmerckxwielershirts.nl\/de\/#organization"},"potentialAction":[{"@type":"SearchAction","target":{"@type":"EntryPoint","urlTemplate":"https:\/\/www.tonmerckxwielershirts.nl\/de\/?s={search_term_string}"},"query-input":{"@type":"PropertyValueSpecification","valueRequired":true,"valueName":"search_term_string"}}],"inLanguage":"de"},{"@type":"Organization","@id":"https:\/\/www.tonmerckxwielershirts.nl\/de\/#organization","name":"Ton Merckx Radsport-Shirts \u2013 Tour durch die Welt der Radsport-Shirts","url":"https:\/\/www.tonmerckxwielershirts.nl\/de\/","logo":{"@type":"ImageObject","inLanguage":"de","@id":"https:\/\/www.tonmerckxwielershirts.nl\/de\/#\/schema\/logo\/image\/","url":"https:\/\/www.ton.connectingminds.net\/wp-content\/uploads\/2023\/03\/ton-merckx-logo.jpg","contentUrl":"https:\/\/www.ton.connectingminds.net\/wp-content\/uploads\/2023\/03\/ton-merckx-logo.jpg","width":391,"height":57,"caption":"Ton Merckx Wielershirts - Rondreis door de wereld van wielershirts"},"image":{"@id":"https:\/\/www.tonmerckxwielershirts.nl\/de\/#\/schema\/logo\/image\/"}}]}},"_links":{"self":[{"href":"https:\/\/www.ton.connectingminds.net\/de\/wp-json\/wp\/v2\/product\/2568","targetHints":{"allow":["GET"]}}],"collection":[{"href":"https:\/\/www.ton.connectingminds.net\/de\/wp-json\/wp\/v2\/product"}],"about":[{"href":"https:\/\/www.ton.connectingminds.net\/de\/wp-json\/wp\/v2\/types\/product"}],"wp:featuredmedia":[{"embeddable":true,"href":"https:\/\/www.ton.connectingminds.net\/de\/wp-json\/wp\/v2\/media\/191522"}],"wp:attachment":[{"href":"https:\/\/www.ton.connectingminds.net\/de\/wp-json\/wp\/v2\/media?parent=2568"}],"wp:term":[{"taxonomy":"product_brand","embeddable":true,"href":"https:\/\/www.ton.connectingminds.net\/de\/wp-json\/wp\/v2\/product_brand?post=2568"},{"taxonomy":"product_cat","embeddable":true,"href":"https:\/\/www.ton.connectingminds.net\/de\/wp-json\/wp\/v2\/product_cat?post=2568"},{"taxonomy":"product_tag","embeddable":true,"href":"https:\/\/www.ton.connectingminds.net\/de\/wp-json\/wp\/v2\/product_tag?post=2568"}],"curies":[{"name":"wp","href":"https:\/\/api.w.org\/{rel}","templated":true}]}}

<p>TARTU 2024-BCC-LOUNAKESKUS 2020</p>
<p>Tartu ist nach Tallin die zweitgrößte Stadt Estlands.</p>
<p>Im Jahr 2024 wird Tartu zusammen mit Bad Ischl (Österreich) und Bodø (Norwegen) die Europäische Kulturhauptstadt sein.</p>
<p>Shirt gekregen van ploegleider Rene Mandri.</p>

<!-- This site is optimized with the Yoast SEO plugin v28.4 - https://yoast.com/product/yoast-seo-wordpress/ -->
<title>TARTU 2024 (a)-BCC-LOUNAKESKUS  2020                          WIELERSHIRT - Ton Merckx Wielershirts - Rondreis door de wereld van wielershirts</title>
<meta name="robots" content="index, follow, max-snippet:-1, max-image-preview:large, max-video-preview:-1" />
<link rel="canonical" href="https://www.ton.connectingminds.net/de/retro-radtrikot/tartu-2024-bcc-lounakeskus/" />
<meta property="og:locale" content="de_DE" />
<meta property="og:type" content="article" />
<meta property="og:title" content="TARTU 2024 (a)-BCC-LOUNAKESKUS  2020                          WIELERSHIRT - Ton Merckx Wielershirts - Rondreis door de wereld van wielershirts" />
<meta property="og:description" content="TARTU 2024-BCC-LOUNAKESKUS 2020 Tartu is na Tallin de 2e stad van Estland. In 2024 is Tartu samen met Bad Ischl (Oostenrijk) en Bodo (Noorwegen) de Culturele hoofdstad van Europa. Shirt gekregen van ploegleider Rene Mandri." />
<meta property="og:url" content="https://www.ton.connectingminds.net/de/retro-radtrikot/tartu-2024-bcc-lounakeskus/" />
<meta property="og:site_name" content="Ton Merckx Wielershirts - Rondreis door de wereld van wielershirts" />
<meta property="article:modified_time" content="2026-08-19T18:20:56+00:00" />
<meta property="og:image" content="https://www.ton.connectingminds.net/wp-content/uploads/2023/01/011-48-scaled.jpg" />
	<meta property="og:image:width" content="1920" />
	<meta property="og:image:height" content="2560" />
	<meta property="og:image:type" content="image/jpeg" />
<meta name="twitter:card" content="summary_large_image" />
<meta name="twitter:label1" content="Geschätzte Lesezeit" />
	<meta name="twitter:data1" content="1 Minute" />
<script type="application/ld+json" class="yoast-schema-graph">{"@context":"https:\/\/schema.org","@graph":[{"@type":"WebPage","@id":"https:\/\/www.ton.connectingminds.net\/en\/retro-cycling-jersey\/tartu-2024-bcc-lounakeskus\/","url":"https:\/\/www.ton.connectingminds.net\/en\/retro-cycling-jersey\/tartu-2024-bcc-lounakeskus\/","name":"TARTU 2024 (a)-BCC-LOUNAKESKUS 2020 WIELERSHIRT - Ton Merckx Wielershirts - Rondreis door de wereld van wielershirts","isPartOf":{"@id":"https:\/\/www.tonmerckxwielershirts.nl\/de\/#website"},"primaryImageOfPage":{"@id":"https:\/\/www.ton.connectingminds.net\/en\/retro-cycling-jersey\/tartu-2024-bcc-lounakeskus\/#primaryimage"},"image":{"@id":"https:\/\/www.ton.connectingminds.net\/en\/retro-cycling-jersey\/tartu-2024-bcc-lounakeskus\/#primaryimage"},"thumbnailUrl":"https:\/\/www.ton.connectingminds.net\/wp-content\/uploads\/2023\/01\/011-48-scaled.jpg","datePublished":"2023-01-24T17:51:31+00:00","dateModified":"2026-08-19T18:20:56+00:00","breadcrumb":{"@id":"https:\/\/www.ton.connectingminds.net\/en\/retro-cycling-jersey\/tartu-2024-bcc-lounakeskus\/#breadcrumb"},"inLanguage":"de","potentialAction":[{"@type":"ReadAction","target":["https:\/\/www.ton.connectingminds.net\/en\/retro-cycling-jersey\/tartu-2024-bcc-lounakeskus\/"]}]},{"@type":"ImageObject","inLanguage":"de","@id":"https:\/\/www.ton.connectingminds.net\/en\/retro-cycling-jersey\/tartu-2024-bcc-lounakeskus\/#primaryimage","url":"https:\/\/www.ton.connectingminds.net\/wp-content\/uploads\/2023\/01\/011-48-scaled.jpg","contentUrl":"https:\/\/www.ton.connectingminds.net\/wp-content\/uploads\/2023\/01\/011-48-scaled.jpg","width":1920,"height":2560,"caption":"TARTU 2024-BCC-LOUNAKESKUS 2020"},{"@type":"BreadcrumbList","@id":"https:\/\/www.ton.connectingminds.net\/en\/retro-cycling-jersey\/tartu-2024-bcc-lounakeskus\/#breadcrumb","itemListElement":[{"@type":"ListItem","position":1,"name":"Home","item":"https:\/\/www.tonmerckxwielershirts.nl\/de\/"},{"@type":"ListItem","position":2,"name":"Retro wielershirts","item":"https:\/\/www.tonmerckxwielershirts.nl\/de\/retro-radtrikots\/"},{"@type":"ListItem","position":3,"name":"TARTU 2024 (a)-BCC-LOUNAKESKUS 2020 WIELERSHIRT"}]},{"@type":"WebSite","@id":"https:\/\/www.tonmerckxwielershirts.nl\/de\/#website","url":"https:\/\/www.tonmerckxwielershirts.nl\/de\/","name":"Ton Merckx Wielershirts - Rondreis door de wereld van wielershirts","description":"thousands of original cycling jerseys - order your replica!","publisher":{"@id":"https:\/\/www.tonmerckxwielershirts.nl\/de\/#organization"},"potentialAction":[{"@type":"SearchAction","target":{"@type":"EntryPoint","urlTemplate":"https:\/\/www.tonmerckxwielershirts.nl\/de\/?s={search_term_string}"},"query-input":{"@type":"PropertyValueSpecification","valueRequired":true,"valueName":"search_term_string"}}],"inLanguage":"de"},{"@type":"Organization","@id":"https:\/\/www.tonmerckxwielershirts.nl\/de\/#organization","name":"Ton Merckx Wielershirts - Rondreis door de wereld van wielershirts","url":"https:\/\/www.tonmerckxwielershirts.nl\/de\/","logo":{"@type":"ImageObject","inLanguage":"de","@id":"https:\/\/www.tonmerckxwielershirts.nl\/de\/#\/schema\/logo\/image\/","url":"https:\/\/www.ton.connectingminds.net\/wp-content\/uploads\/2023\/03\/ton-merckx-logo.jpg","contentUrl":"https:\/\/www.ton.connectingminds.net\/wp-content\/uploads\/2023\/03\/ton-merckx-logo.jpg","width":391,"height":57,"caption":"Ton Merckx Wielershirts - Rondreis door de wereld van wielershirts"},"image":{"@id":"https:\/\/www.tonmerckxwielershirts.nl\/de\/#\/schema\/logo\/image\/"}}]}</script>
<!-- / Yoast SEO plugin. -->
